 5*u - 76. Let v(m) = 2*s(m) + 11*z(m). Determine v(0).
13
Let u(j) be the first derivative of j**5/60 + j**4/6 + j**3/3 + 3. Let h(l) be the third derivative of u(l). Let x = -4 - 1. What is h(x)?
-6
Let r(m) = 4 + 4*m + m**2 - 3 - 5. Calculate r(-4).
-4
Let z(t) = 6*t**3 - 7*t**2 - 4*t - 1. Let j(u) = -u**3 + u**2 + 1. Let d(k) = -5*j(k) - z(k). Give d(3).
-1
Let f(b) = b**3 - 5*b**2 + 5*b + 1. Suppose -2*g + 2 = -4. Suppose 4*p - 13 = g. Calculate f(p).
5
Let z = 1 + -4. Let y be (-2)/z*(-2 - 4). Let t be 5/(-2) + 2/y. Let d(a) = -a**2 - 2*a. Give d(t).
-3
Let z(v) = 5*v**3 + 4*v**2 - 6*v - 5. Let m be (-9 - -2) + (2 - -1). Let q(p) = 5*p**3 + 3*p**2 - 5*p - 4. Let u(h) = m*z(h) + 5*q(h). Give u(-1).
-5
Let x = -2 - -6. Let d(h) = 3*h + x - 3 + h. Let n = -104 + 102. What is d(n)?
-7
Let i(u) = 11*u**3 - 13*u**2 - 5*u - 6. Let m(b) = 5*b**3 - 6*b**2 - 2*b - 3. Let w(q) = -4*i(q) + 9*m(q). Give w(2).
1
Let d(t) = -t**3 + 2*t**2 + t + 4. Suppose 2*y = 30 - 6. Let x = y + -9. Calculate d(x).
-2
Suppose -8 - 18 = 4*t - 5*z, -2*z - 40 = 4*t. Let x(n) = n + 7. Determine x(t).
-2
Let y = -9 - -13. Let k(b) = 6*b**3 + 0*b**3 - 6*b**2 + 4 + 5*b - b**3 - y*b**3. What is k(4)?
-8
Let n(y) = -y - 4. Let q(u) be the second derivative of u**5/20 + u**4/3 + 3*u. Let b be q(-4). Give n(b).
-4
Let c be (2 - 1 - -1) + 1. Let a(l) = -2*l - l**3 - 1 + 0 - c*l**2 + l. Suppose 0 = -3*i - 3 - 3. What is a(i)?
-3
Let b(x) = x**2 - 5*x - 8. Let a = -4 - -6. Let m(r) = -5*r. Let v be m(a). Let l be (48/(-40))/(2/v). Determine b(l).
-2
Let s(o) be the third derivative of 0*o**3 + 0*o + 1/24*o**4 + 0 + 2*o**2 - 1/15*o**5. Calculate s(-1).
-5
Let q(m) = -m**2 + 5*m + 4. Let v = -58 + 63. What is q(v)?
4
Let t(k) = 6*k**2 - 2*k + 1. Let u(y) = -y**3 - 2*y**2 - 4*y - 2. Let h be u(-1). Determine t(h).
5
Let l(r) be the third derivative of -11*r**4/24 + r**3/3 + 18*r**2. What is l(-2)?
24
Let m(s) = 2*s - 3. Suppose v = -v + 20. Let x = v + -7. Calculate m(x).
3
Suppose 0 = -o, 0*f - 2*o - 15 = -5*f. Let x(k) be the first derivative of -k**3/3 + 3*k**2/2 + 2*k + 2. What is x(f)?
2
Let k(d) = -4*d - 5 - 5*d**2 - d**3 - 4 + 0*d + 3. What is k(-4)?
-6
Let f be (-2 - -5) + 4/(-4). Let w(s) = 2 - 3 + f - 7*s + 0. What is w(1)?
-6
Let f(u) = -3*u + 7 - 11 + 5*u + 5 + 7*u**3 + 2*u**2. What is f(-1)?
-6
Let b be (-1 + 0)*(-2 - -1). Let y(w) be the first derivative of -w**3/2 - w**2/2 - 2*w - 2. Let d(n) be the first derivative of y(n). What is d(b)?
-4
Suppose -3*a + 4*c = 2*a - 40, a = -5*c - 21. Suppose 4*f - 18 = 5*q + 1, -a*q = 12. Let s = f + -2. Let p(x) = -4*x - 1. Give p(s).
3
Let d(z) = 2*z + 1. Let m(x) = 3*x + 2. Let l(u) = 4*d(u) - 3*m(u). Give l(5).
-7
Let q(v) be the second derivative of 1/20*v**5 - 2*v + 2/3*v**3 - 1/2*v**4 + 0 + 3*v**2. Suppose -17 + 2 = -3*r. What is q(r)?
1
Let t = 6 - 8. Let u(h) be the first derivative of -4*h**3/3 + h**2 - 3*h + 1. Let g(x) = -5*x**2 + 3*x - 4. Let l(f) = -3*g(f) + 4*u(f). Calculate l(t).
-2
Let o(a) be the first derivative of -2*a - 1/2*a**2 + 0*a**3 - 2 + 1/4*a**4. Suppose 5*q = -2*x - 16, -7 = 3*x + 3*q - 1. Determine o(x).
4
Let l(h) = -6*h**3. Let p(w) = -3 - 18*w + 19*w - 4. Let v = 16 + -8. Let a be p(v). What is l(a)?
-6
Let m(n) = -n - 7. Suppose 4*v + 19 = -13. Give m(v).
1
Let c(q) = q**2 + 6*q + 7. Let t be 206/14 - (-4)/14. Let y = t - 20. Give c(y).
2
Let n(r) = r - 1. Let s(x) = x**2 - 2*x - 7. Let d(f) = -2*n(f) - s(f). Let b be (-5 + 5)/(-1 - (-6)/2). Give d(b).
9
Let o(k) = -1290 + 1281 + 3*k - k. Give o(6).
3
Let x(c) = -3*c**2 + 2. Let v(o) = 2*o - 9. Let d be v(6). Suppose -d*h - 4 = -h. Give x(h).
-10
Let g(i) be the third derivative of i**6/120 - 7*i**5/60 + i**4/12 - 5*i**3/3 - 8*i**2. Calculate g(7).
4
Let y be (-128)/(-80)*10/4. Let z(k) = -3*k + 5 - 4 + 3. Determine z(y).
-8
Let d = -6 + 7. Let h = d + 0. Let a(l) = -6 - 3 - 1 + h - l. What is a(-6)?
-3
Let v(z) = z**2 - 6*z - 5. Let b be (-96)/(-15) - 9/(-15). Let d be v(b). Let s be 1/(0 + -1 + d). Let j(w) = -10*w**3 + w**2. Calculate j(s).
-9
Let z(a) be the third derivative of 13*a**5/60 + 6*a**2. Determine z(1).
13
Let f be -3*-2*3/6. Suppose -f*p = -0*p. Let t be 3/(-1) - (p - -2). Let o(a) = -a - 1. Calculate o(t).
4
Let y(v) = -2*v + v + 4 + 5. Let d be (-12 + 2)*(-6)/10. What is y(d)?
3
Let l be (1/2)/(1/(-6)). Let y(v) = -2*v**2 + 3*v + 7. Let w(z) = -z**2 + z + 3. Let c(p) = -14*w(p) + 6*y(p). What is c(l)?
6
Let u be 1/2*(-2)/1. Let r be (2/u)/(0 + -1). Let c(y) = -4*y**3 + 3*y**3 - y**r + 2*y**2. What is c(2)?
-4
Suppose p - 5 + 3 = 0. Let q(s) = 4*s**3 - 3. Let h(d) = -d**3 - d**2 + d + 1. Let c(g) = -3*h(g) - q(g). What is c(p)?
-2
Let g be 1 - ((-15)/(-18) + 0). Let o(z) be the third derivative of g*z**4 - 1/3*z**3 - z**2 + 0*z + 0. Calculate o(2).
6
Let g(t) = t**2 + 4*t + 2. Suppose -2*m = 5*k - 6, -2*k + 2*m - 15 = -3*m. Suppose 15 + k = -3*w. What is g(w)?
7
Let q(p) be the third derivative of -3/8*p**4 - 1/60*p**5 + 0 - 5/3*p**3 + 0*p - 7*p**2. Give q(-7).
4
Let d be ((-2)/8)/(13/(-468)). Let r(g) = -g + 9. What is r(d)?
0
Let f(m) = m**3 + m**2 - m - 7. Let w(r) = r**3 - 6. Let z(s) = -4*f(s) + 5*w(s). Suppose 3*l = 2*g - 6 - 3, -5*g - 5*l + 10 = 0. What is z(g)?
1
Let p = -13 - -7. Let b(g) = g + 7. Calculate b(p).
1
Suppose 0 = -7*r + 5*r - 8. Let f(y) = y**2 + 5*y. Determine f(r).
-4
Let r(t) be the second derivative of 3*t + 0 + 3*t**2 + 1/6*t**3. Determine r(-3).
3
Let l(f) = 5*f**2 - 11*f - 13. Let c(g) = 13*g**2 - 32*g - 38. Let o(u) = 3*c(u) - 8*l(u). What is o(-7)?
-3
Let m = 12 - 17. Let u be m/(-3) + (-4)/(-12). Let w(p) = u*p**2 - 3*p + 3 - p**3 - p + 0. Determine w(2).
-5
Let c(u) be the first derivative of -u**4/2 + 2*u**3 + 3*u**2 + u + 4. Let h(o) = -5*o**3 + 12*o**2 + 13*o + 2. Let y(m) = -7*c(m) + 3*h(m). What is y(-5)?
-11
Let z(n) = -5*n - n**3 + 4*n**3 - 3 + n**2 - 2*n**3. Give z(-3).
-6
Suppose -2*k - 2*w + 5 = 3, 4*w + 2 = 2*k. Let l(u) = -2*u**2 - u. Determine l(k).
-3
Let m(r) = r - 2. Suppose -5*a = -13 - 2. Suppose 3*y + 25 = -0*f - 4*f, 21 = -a*f - 3*y. What is m(f)?
-6
Let h be 2/8 - (-7)/4. Suppose -3*z + h*z + 3 = 0. Let f(u) = 5 + u**3 - 1 - z*u + 1 + 3*u**2. What is f(-4)?
1
Let u(b) = b**2 - 9*b - 1. Let c(x) = -2*x**2 + 19*x + 3. Let k(s) = -4*c(s) - 9*u(s). Suppose 7*y - 12*y = 0. Suppose 6*a + 7 - 37 = y. What is k(a)?
-3
Let y(j) = 0*j**2 - 8*j**3 + 4*j**3 + 5*j**2 - 1 + 3*j**3. Calculate y(5).
-1
Let j(r) = -4*r**2 - 19*r - 25. Let a(i) = -2*i + 8 + 0*i + i**2 + 8*i. Let c(q) = 7*a(q) + 2*j(q). What is c(5)?
1
Suppose 14 = -5*f - 11. Let u(v) = 13*v + 5. Let c(x) = 6*x + 3. Let d(l) = 9*c(l) - 4*u(l). Give d(f).
-3
Let r(t) be the first derivative of -t**3/3 + 1. Let x be 4/(-6)*(-39)/(-26). Give r(x).
-1
Let v(l) = -7 + 8*l - 9*l - 1 - 1. Determine v(-4).
-5
Let h(q) = q - 1. Let m = -14 + 11. What is h(m)?
-4
Let c(b) be the first derivative of -1/3*b**3 - 5/2*b**2 - 7 + b. Let d = 2 - 5. Give c(d).
7
Suppose 2*u + 0*q = q + 3, 0 = -u + q + 3. Suppose -s - 2*b - 4 = 0, b + u*b = -s. Let t(x) = 3*x - 6. What is t(s)?
6
Let i(d) be the third derivative of -d**5/30 + 5*d**4/24 + 2*d**3/3 + 4*d**2. Calculate i(4).
-8
Let x(k) = 2*k + 1 + 6*k**3 - 3*k - 5*k**3. Let g be x(-2). Let z(b) = 6*b**2 - 2*b**3 + 2*b + 3*b**3 + b - 5. Determine z(g).
5
Let c(s) = -s**2 - 6*s - 5. Let q be c(-4). Let d(b) = 8*b + 4*b**2 - 4 - 1 - 5*b - b**q. Give d(4).
7
Let p(a) = 2 - 6 - 4 - a. What is p(-7)?
-1
Let q(a) be the first derivative of a**4/4 - 2*a**3 + 3*a**2 + a - 3. Give q(5).
6
Suppose 3*a + 0*s = -2*s + 17, 4*a + 3*s = 23. Let m(r) = 5*r + 23. Let x(o) = 2*o + 11. Let z(f) = -4*m(f) + 9*x(f). Determine z(a).
-3
Suppose 4*o - 3*o = 4*d + 23, -3*o - 1 = 2*d. Let n(k) be the third derivative of 1/60*k**5 + 0 + 1/8*k**4 + 0*k - 2*k**2 - 1/2*k**3. Calculate n(d).
7
Let y(q) = 5*q**2 - 7*q - 1. Let a(k) = -11*k**2 + 16*k + 3. Let m(g) = 2*a(g) + 5*y(g). Let u = 0 - -2. What is m(u)?
7
Let z(s) = s + 6. Suppose 28 = 2*m + 4. Let g = -22 - -38. Suppose -5*y + 62 - m = -5*n, 0 = -2*n + y - g. Give z(n).
0
Let s(u) = u**2 + 7*u + 3. Let y be s(-3). Let q be 10/3*y/(-5). Let a(v) = -7*v. Let o(k) = -15*k. Let l(c) = q*o(c) - 13*a(c). What is l(-5)?
-5
Let d = 2 - 2. Suppose d = -q + 4*q - 6. Let a(x) = 0